{"id":141,"date":"2022-04-13T13:40:03","date_gmt":"2022-04-13T13:40:03","guid":{"rendered":"http:\/\/femde.mx\/nacionales2022\/new\/?page_id=141"},"modified":"2022-06-23T23:26:52","modified_gmt":"2022-06-23T23:26:52","slug":"nosotros","status":"publish","type":"page","link":"https:\/\/femde.mx\/nacionales2022\/nosotros\/","title":{"rendered":"Nosotros"},"content":{"rendered":"\t\t<div data-elementor-type=\"wp-page\" data-elementor-id=\"141\" class=\"elementor elementor-141\">\n\t\t\t\t\t\t\t\t\t<section class=\"elementor-section elementor-top-section elementor-element elementor-element-64ad30c2 elementor-section-boxed elementor-section-height-default elementor-section-height-default\" data-id=\"64ad30c2\" data-element_type=\"section\" data-settings=\"{&quot;background_background&quot;:&quot;classic&quot;}\">\n\t\t\t\t\t\t\t<div class=\"elementor-background-overlay\"><\/div>\n\t\t\t\t\t\t\t<div class=\"elementor-container elementor-column-gap-default\">\n\t\t\t\t\t<div class=\"elementor-column elementor-col-100 elementor-top-column elementor-element elementor-element-557b5080\" data-id=\"557b5080\" data-element_type=\"column\">\n\t\t\t<div class=\"elementor-widget-wrap elementor-element-populated\">\n\t\t\t\t\t\t\t\t<div class=\"elementor-element elementor-element-4f95a75d elementor-widget__width-auto elementor-widget elementor-widget-elementskit-button\" data-id=\"4f95a75d\" data-element_type=\"widget\" data-widget_type=\"elementskit-button.default\">\n\t\t\t\t<div class=\"elementor-widget-container\">\n\t\t\t<div class=\"ekit-wid-con\" >\t\t<div class=\"ekit-btn-wraper\">\n\t\t\t\t\t\t\t<a href=\"#\" class=\"elementskit-btn  whitespace--normal\" >\n\t\t\t\t\t\n\t\t\t\t\t\n\t\t\t\t\tJEN2022\t\t\t\t<\/a>\n\t\t\t\t\t\t<\/div>\n        <\/div>\t\t<\/div>\n\t\t\t\t<\/div>\n\t\t\t\t<div class=\"elementor-element elementor-element-163de341 elementor-widget__width-auto elementor-widget elementor-widget-heading\" data-id=\"163de341\" data-element_type=\"widget\" data-widget_type=\"heading.default\">\n\t\t\t\t<div class=\"elementor-widget-container\">\n\t\t\t<style>\/*! elementor - v3.6.7 - 03-07-2022 *\/\n.elementor-heading-title{padding:0;margin:0;line-height:1}.elementor-widget-heading .elementor-heading-title[class*=elementor-size-]>a{color:inherit;font-size:inherit;line-height:inherit}.elementor-widget-heading .elementor-heading-title.elementor-size-small{font-size:15px}.elementor-widget-heading .elementor-heading-title.elementor-size-medium{font-size:19px}.elementor-widget-heading .elementor-heading-title.elementor-size-large{font-size:29px}.elementor-widget-heading .elementor-heading-title.elementor-size-xl{font-size:39px}.elementor-widget-heading .elementor-heading-title.elementor-size-xxl{font-size:59px}<\/style><div class=\"elementor-heading-title elementor-size-default\">\/<\/div>\t\t<\/div>\n\t\t\t\t<\/div>\n\t\t\t\t<div class=\"elementor-element elementor-element-11c46b7c elementor-widget__width-auto elementor-widget elementor-widget-heading\" data-id=\"11c46b7c\" data-element_type=\"widget\" data-widget_type=\"heading.default\">\n\t\t\t\t<div class=\"elementor-widget-container\">\n\t\t\t<div class=\"elementor-heading-title elementor-size-default\">NOSOTROS<\/div>\t\t<\/div>\n\t\t\t\t<\/div>\n\t\t\t\t<div class=\"elementor-element elementor-element-f20aacc elementor-widget elementor-widget-heading\" data-id=\"f20aacc\" data-element_type=\"widget\" data-widget_type=\"heading.default\">\n\t\t\t\t<div class=\"elementor-widget-container\">\n\t\t\t<h2 class=\"elementor-heading-title elementor-size-default\">WFcs<\/h2>\t\t<\/div>\n\t\t\t\t<\/div>\n\t\t\t\t\t<\/div>\n\t\t<\/div>\n\t\t\t\t\t\t\t<\/div>\n\t\t<\/section>\n\t\t\t\t<section class=\"elementor-section elementor-top-section elementor-element elementor-element-1823a99e elementor-section-boxed elementor-section-height-default elementor-section-height-default\" data-id=\"1823a99e\" data-element_type=\"section\" data-settings=\"{&quot;background_background&quot;:&quot;classic&quot;}\">\n\t\t\t\t\t\t<div class=\"elementor-container elementor-column-gap-default\">\n\t\t\t\t\t<div class=\"elementor-column elementor-col-100 elementor-top-column elementor-element elementor-element-fa540c9\" data-id=\"fa540c9\" data-element_type=\"column\">\n\t\t\t<div class=\"elementor-widget-wrap elementor-element-populated\">\n\t\t\t\t\t\t\t\t<div class=\"elementor-element elementor-element-396cbed6 elementor-widget elementor-widget-heading\" data-id=\"396cbed6\" data-element_type=\"widget\" data-widget_type=\"heading.default\">\n\t\t\t\t<div class=\"elementor-widget-container\">\n\t\t\t<h2 class=\"elementor-heading-title elementor-size-default\">\u00bfQUE ES WFCS?<\/h2>\t\t<\/div>\n\t\t\t\t<\/div>\n\t\t\t\t<div class=\"elementor-element elementor-element-3cd86f0 elementor-widget elementor-widget-text-editor\" data-id=\"3cd86f0\" data-element_type=\"widget\" data-widget_type=\"text-editor.default\">\n\t\t\t\t<div class=\"elementor-widget-container\">\n\t\t\t<style>\/*! elementor - v3.6.7 - 03-07-2022 *\/\n.elementor-widget-text-editor.elementor-drop-cap-view-stacked .elementor-drop-cap{background-color:#818a91;color:#fff}.elementor-widget-text-editor.elementor-drop-cap-view-framed .elementor-drop-cap{color:#818a91;border:3px solid;background-color:transparent}.elementor-widget-text-editor:not(.elementor-drop-cap-view-default) .elementor-drop-cap{margin-top:8px}.elementor-widget-text-editor:not(.elementor-drop-cap-view-default) .elementor-drop-cap-letter{width:1em;height:1em}.elementor-widget-text-editor .elementor-drop-cap{float:left;text-align:center;line-height:1;font-size:50px}.elementor-widget-text-editor .elementor-drop-cap-letter{display:inline-block}<\/style>\t\t\t\t<div id=\"translation\"><div class=\"gtx-body\">La\u00a0World Federation for Company Sport\u00a0(WFCS) es una organizaci\u00f3n voluntaria sin fines de lucro que re\u00fane al deporte de empresa nacional u otras federaciones que se ocupan del deporte de empresa de todos los continentes. Estas federaciones nacionales son asociaciones de referencia en sus propios pa\u00edses para organizar actividades relacionadas con el deporte de empresa. La mayor\u00eda de los miembros de estas federaciones son empresas que se diferencian por su tama\u00f1o, forma y actividad. El deporte de empresa abarca todos los tipos de deportes y actividades f\u00edsicas que pueden ser organizados por y dentro de una empresa.<\/div><\/div><div>\u00a0<\/div><div id=\"translation\"><div class=\"gtx-body\">WFCS es una organizaci\u00f3n reciente, ya que la federaci\u00f3n se cre\u00f3 el 2 de junio de 2014 despu\u00e9s de que se desarrollaran varios contactos entre el presidente de la Federaci\u00f3n Europea de Deportes Empresariales (EFCS), Didier Beyssere, y organizaciones deportivas empresariales en Asia. La ceremonia tuvo lugar en Wiesbaden (Alemania) en los salones de la Canciller\u00eda, bajo el alto patrocinio del Sr. Volker BOUFFIER, Ministro Presidente del Land. Representantes internacionales de la federaci\u00f3n de deporte de empresa estuvieron presentes en este momento, el primero oficial de un deporte de empresa a nivel mundial.<\/div><\/div>\t\t\t\t\t\t<\/div>\n\t\t\t\t<\/div>\n\t\t\t\t<section class=\"elementor-section elementor-inner-section elementor-element elementor-element-710f015b elementor-section-boxed elementor-section-height-default elementor-section-height-default\" data-id=\"710f015b\" data-element_type=\"section\">\n\t\t\t\t\t\t<div class=\"elementor-container elementor-column-gap-default\">\n\t\t\t\t\t<div class=\"elementor-column elementor-col-50 elementor-inner-column elementor-element elementor-element-6e090ff6\" data-id=\"6e090ff6\" data-element_type=\"column\">\n\t\t\t<div class=\"elementor-widget-wrap elementor-element-populated\">\n\t\t\t\t\t\t\t\t<div class=\"elementor-element elementor-element-5b46857 elementor-widget elementor-widget-heading\" data-id=\"5b46857\" data-element_type=\"widget\" data-widget_type=\"heading.default\">\n\t\t\t\t<div class=\"elementor-widget-container\">\n\t\t\t<p class=\"elementor-heading-title elementor-size-default\">MISI\u00d3N Y VALORES<\/p>\t\t<\/div>\n\t\t\t\t<\/div>\n\t\t\t\t<div class=\"elementor-element elementor-element-3574539 elementor-widget elementor-widget-text-editor\" data-id=\"3574539\" data-element_type=\"widget\" data-widget_type=\"text-editor.default\">\n\t\t\t\t<div class=\"elementor-widget-container\">\n\t\t\t\t\t\t\t<p>\u00a0<\/p><div id=\"translation\"><div class=\"gtx-body\">Esta federaci\u00f3n tiene como objetivo promover el desarrollo del deporte de empresa a nivel mundial.<\/div><div>\u00a0<\/div><div class=\"gtx-body\">Las misiones principales son principalmente sobre:<p>Fortalecimiento de los contactos humanos y culturales a trav\u00e9s de las fronteras nacionales a trav\u00e9s del deporte.<\/p><\/div><div class=\"gtx-body\">Fomento de la actividad f\u00edsica regular en las empresas. Enfatizar el car\u00e1cter recreativo y de mejora de la salud del deporte de base. Los valores y temas del \u00e1rea de la federaci\u00f3n son la mejora de la salud y el bienestar, la uni\u00f3n, la no discriminaci\u00f3n, la conciencia ecol\u00f3gica, la igualdad, la inclusi\u00f3n social y las relaciones.<\/div><div>\u00a0<\/div><div class=\"gtx-body\">Relacionados con temas de gesti\u00f3n, cultura corporativa, salud, responsabilidad social, desempe\u00f1o individual y colectivo, la actividad f\u00edsica y el deporte empresarial son hoy una respuesta clara y adecuada a los problemas de las empresas y de los empleados.<\/div><div>\u00a0<\/div><div class=\"gtx-body\">Los objetivos de la WFCS son m\u00faltiples. Las actividades deportivas preocupan como principales destinatarios tanto a los empleados en activo como a los jubilados, as\u00ed como a los p\u00fablicos mas a menudo olvidados por la oferta deportiva: j\u00f3venes, mujeres y personas con discapacidad. Son empresas afiliadas a la WFCS a trav\u00e9s de sus federaciones nacionales de deporte de empresa.<\/div><\/div><div>\u00a0<\/div>\t\t\t\t\t\t<\/div>\n\t\t\t\t<\/div>\n\t\t\t\t\t<\/div>\n\t\t<\/div>\n\t\t\t\t<div class=\"elementor-column elementor-col-50 elementor-inner-column elementor-element elementor-element-a59d941\" data-id=\"a59d941\" data-element_type=\"column\" data-settings=\"{&quot;background_background&quot;:&quot;classic&quot;}\">\n\t\t\t<div class=\"elementor-widget-wrap elementor-element-populated\">\n\t\t\t\t\t\t\t\t<div class=\"elementor-element elementor-element-5d69e24 elementor-widget elementor-widget-image\" data-id=\"5d69e24\" data-element_type=\"widget\" data-widget_type=\"image.default\">\n\t\t\t\t<div class=\"elementor-widget-container\">\n\t\t\t<style>\/*! elementor - v3.6.7 - 03-07-2022 *\/\n.elementor-widget-image{text-align:center}.elementor-widget-image a{display:inline-block}.elementor-widget-image a img[src$=\".svg\"]{width:48px}.elementor-widget-image img{vertical-align:middle;display:inline-block}<\/style>\t\t\t\t\t\t\t\t\t\t\t\t<img loading=\"lazy\" decoding=\"async\" width=\"937\" height=\"1024\" src=\"https:\/\/femde.mx\/nacionales2022\/wp-content\/uploads\/2022\/04\/wfcs-e1650939604813-937x1024.jpeg\" class=\"attachment-large size-large\" alt=\"\" srcset=\"https:\/\/femde.mx\/nacionales2022\/wp-content\/uploads\/2022\/04\/wfcs-e1650939604813-937x1024.jpeg 937w, https:\/\/femde.mx\/nacionales2022\/wp-content\/uploads\/2022\/04\/wfcs-e1650939604813-274x300.jpeg 274w, https:\/\/femde.mx\/nacionales2022\/wp-content\/uploads\/2022\/04\/wfcs-e1650939604813-768x840.jpeg 768w, https:\/\/femde.mx\/nacionales2022\/wp-content\/uploads\/2022\/04\/wfcs-e1650939604813.jpeg 988w\" sizes=\"(max-width: 937px) 100vw, 937px\" \/>\t\t\t\t\t\t\t\t\t\t\t\t\t\t\t<\/div>\n\t\t\t\t<\/div>\n\t\t\t\t\t<\/div>\n\t\t<\/div>\n\t\t\t\t\t\t\t<\/div>\n\t\t<\/section>\n\t\t\t\t<section class=\"elementor-section elementor-inner-section elementor-element elementor-element-9d80e6f elementor-section-boxed elementor-section-height-default elementor-section-height-default\" data-id=\"9d80e6f\" data-element_type=\"section\">\n\t\t\t\t\t\t<div class=\"elementor-container elementor-column-gap-default\">\n\t\t\t\t\t<div class=\"elementor-column elementor-col-100 elementor-inner-column elementor-element elementor-element-15f5750\" data-id=\"15f5750\" data-element_type=\"column\">\n\t\t\t<div class=\"elementor-widget-wrap elementor-element-populated\">\n\t\t\t\t\t\t\t\t<div class=\"elementor-element elementor-element-23cbf83 elementor-widget elementor-widget-heading\" data-id=\"23cbf83\" data-element_type=\"widget\" data-widget_type=\"heading.default\">\n\t\t\t\t<div class=\"elementor-widget-container\">\n\t\t\t<p class=\"elementor-heading-title elementor-size-default\">ACTIVIDADES<\/p>\t\t<\/div>\n\t\t\t\t<\/div>\n\t\t\t\t<div class=\"elementor-element elementor-element-b3b6ab6 elementor-widget elementor-widget-text-editor\" data-id=\"b3b6ab6\" data-element_type=\"widget\" data-widget_type=\"text-editor.default\">\n\t\t\t\t<div class=\"elementor-widget-container\">\n\t\t\t\t\t\t\t<p>\u00a0<\/p><div id=\"translation\"><ul><li class=\"gtx-body\">Organizaci\u00f3n de eventos deportivos. &#8211; Juegos Mundiales de Deporte de Empresa con Juegos de Verano en a\u00f1os pares y Juegos de Invierno en a\u00f1os impares.<\/li><li class=\"gtx-body\">Organizaci\u00f3n de un amplio espectro de eventos deportivos iniciados por federaciones nacionales bajo el patrocinio de WFCS.<\/li><li class=\"gtx-body\">Organizaci\u00f3n de conferencias y talleres sobre temas relacionados con el deporte de empresa y la salud y el bienestar en el trabajo; deporte de empresa y rendimiento, deporte e inclusi\u00f3n social.<\/li><li class=\"gtx-body\">Intercambio de informaci\u00f3n peri\u00f3dica y sistem\u00e1tica sobre iniciativas y buenas pr\u00e1cticas realizadas en el deporte de empresa a trav\u00e9s de las fronteras nacionales. Representaci\u00f3n de las federaciones nacionales de deporte de empresa a nivel mundial.<\/li><\/ul><\/div>\t\t\t\t\t\t<\/div>\n\t\t\t\t<\/div>\n\t\t\t\t\t<\/div>\n\t\t<\/div>\n\t\t\t\t\t\t\t<\/div>\n\t\t<\/section>\n\t\t\t\t\t<\/div>\n\t\t<\/div>\n\t\t\t\t\t\t\t<\/div>\n\t\t<\/section>\n\t\t\t\t<section class=\"elementor-section elementor-top-section elementor-element elementor-element-5cb591a1 elementor-section-boxed elementor-section-height-default elementor-section-height-default\" data-id=\"5cb591a1\" data-element_type=\"section\" data-settings=\"{&quot;background_background&quot;:&quot;classic&quot;}\">\n\t\t\t\t\t\t\t<div class=\"elementor-background-overlay\"><\/div>\n\t\t\t\t\t\t\t<div class=\"elementor-container elementor-column-gap-default\">\n\t\t\t\t\t<div class=\"elementor-column elementor-col-100 elementor-top-column elementor-element elementor-element-75e888\" data-id=\"75e888\" data-element_type=\"column\">\n\t\t\t<div class=\"elementor-widget-wrap elementor-element-populated\">\n\t\t\t\t\t\t\t\t<div class=\"elementor-element elementor-element-38b5c964 elementor-widget elementor-widget-heading\" data-id=\"38b5c964\" data-element_type=\"widget\" data-widget_type=\"heading.default\">\n\t\t\t\t<div class=\"elementor-widget-container\">\n\t\t\t<h2 class=\"elementor-heading-title elementor-size-default\">MESSAGE FOR THE PRESIDENT<\/h2>\t\t<\/div>\n\t\t\t\t<\/div>\n\t\t\t\t<div class=\"elementor-element elementor-element-5972a789 elementor-widget elementor-widget-text-editor\" data-id=\"5972a789\" data-element_type=\"widget\" data-widget_type=\"text-editor.default\">\n\t\t\t\t<div class=\"elementor-widget-container\">\n\t\t\t\t\t\t\t<p class=\"text-align-justify\"><em><strong>&#8220;Company sport needs to be everyday more visible, clear and legible, to exist at national level, we need to be present at the scale of the continent and for that purpose, we need to develop and organise company sport at international level.&#8221;\u00a0<\/strong><\/em><\/p>\t\t\t\t\t\t<\/div>\n\t\t\t\t<\/div>\n\t\t\t\t\t<\/div>\n\t\t<\/div>\n\t\t\t\t\t\t\t<\/div>\n\t\t<\/section>\n\t\t\t\t\t\t\t<\/div>\n\t\t","protected":false},"excerpt":{"rendered":"<p>JEN2022 \/ NOSOTROS WFcs \u00bfQUE ES WFCS? La\u00a0World Federation for Company Sport\u00a0(WFCS) es una organizaci\u00f3n voluntaria sin fines de lucro que re\u00fane al deporte de empresa nacional u otras federaciones que se ocupan del deporte de empresa de todos los continentes. Estas federaciones nacionales son asociaciones de referencia en sus propios pa\u00edses para organizar actividades &hellip;<\/p>\n<p class=\"read-more\"> <a class=\"\" href=\"https:\/\/femde.mx\/nacionales2022\/nosotros\/\"> <span class=\"screen-reader-text\">Nosotros<\/span> Read More &raquo;<\/a><\/p>\n","protected":false},"author":1,"featured_media":0,"parent":0,"menu_order":0,"comment_status":"closed","ping_status":"closed","template":"","meta":{"site-sidebar-layout":"no-sidebar","site-content-layout":"page-builder","ast-global-header-display":"","ast-main-header-display":"","ast-hfb-above-header-display":"","ast-hfb-below-header-display":"","ast-hfb-mobile-header-display":"","site-post-title":"disabled","ast-breadcrumbs-content":"","ast-featured-img":"disabled","footer-sml-layout":"","theme-transparent-header-meta":"","adv-header-id-meta":"","stick-header-meta":"","header-above-stick-meta":"","header-main-stick-meta":"","header-below-stick-meta":"","footnotes":""},"_links":{"self":[{"href":"https:\/\/femde.mx\/nacionales2022\/wp-json\/wp\/v2\/pages\/141"}],"collection":[{"href":"https:\/\/femde.mx\/nacionales2022\/wp-json\/wp\/v2\/pages"}],"about":[{"href":"https:\/\/femde.mx\/nacionales2022\/wp-json\/wp\/v2\/types\/page"}],"author":[{"embeddable":true,"href":"https:\/\/femde.mx\/nacionales2022\/wp-json\/wp\/v2\/users\/1"}],"replies":[{"embeddable":true,"href":"https:\/\/femde.mx\/nacionales2022\/wp-json\/wp\/v2\/comments?post=141"}],"version-history":[{"count":92,"href":"https:\/\/femde.mx\/nacionales2022\/wp-json\/wp\/v2\/pages\/141\/revisions"}],"predecessor-version":[{"id":1422,"href":"https:\/\/femde.mx\/nacionales2022\/wp-json\/wp\/v2\/pages\/141\/revisions\/1422"}],"wp:attachment":[{"href":"https:\/\/femde.mx\/nacionales2022\/wp-json\/wp\/v2\/media?parent=141"}],"curies":[{"name":"wp","href":"https:\/\/api.w.org\/{rel}","templated":true}]}}